) + 0) a composite number?
False
Let j be 9051/9 + 2/6. Let z be (12 - 15/6)*-66. Let p = j + z. Is p a prime number?
True
Let a(g) = 12*g**2 + 17*g - 34. Let y be a(-22). Let c = 8119 - y. Is c prime?
True
Let i(f) = -2*f**3 - f**2 + 27*f - 87. Let k be i(4). Let x be 5/1*(-832)/10. Let o = k - x. Is o a prime number?
True
Let x = 8046 + 3833. Is x a composite number?
True
Let z = -446 - -2122. Suppose 1 = 2*h - 7. Suppose 0*r + 2*d - 419 = -r, h*r = -5*d + z. Is r prime?
True
Suppose -10*a + 2*a - 6*a = 0. Suppose 143*o - 147*o + 84 = a. Is o a prime number?
False
Let m be 0 + (-2)/14 - 195/(-91). Suppose -4*g + 768 = m*l, 4*g - l - 4*l = 754. Is g a composite number?
False
Let s be (6/(-7))/(11/(-77)). Suppose -5*k - 20 = -5*l, s = -l + 4*k + 19. Is 3*(-2 + l) - -636 a prime number?
False
Let d(l) = -2*l**3 - 101*l**2 - 87*l + 367. Is d(-88) prime?
False
Let n = 165 + -163. Suppose -n*t + 9*q = 8*q - 961, 3*t = -4*q + 1447. Is t composite?
True
Let a be (60955/(-5) - 5)/(-2). Suppose -3*g + 3645 = 4*x, -8*g + 3*g + x = -a. Is g a composite number?
True
Let y(u) = 524*u**2 - 2*u - 9. Let a be y(3). Suppose 12750 = 3*j + a. Is j composite?
False
Let l = 265453 - 89068. Suppose -l = -5*g - 10*g. Is g a composite number?
True
Let c be (-25)/10 + (-21)/(-14). Let t(l) = 970*l**2 + 11*l + 12. Is t(c) a composite number?
False
Let h = 1546 - 2696. Let m = 969 - h. Is m a prime number?
False
Let s(c) = c**2 + 3*c - 7. Let f be s(-5). Suppose 0 = 4*h - 2*b + 2690, 0 = -f*h - 4*b - 1111 - 890. Let y = h - -1122. Is y a composite number?
True
Suppose 21*n - 9*n - 44362 = 237602. Is n prime?
True
Suppose -18 = -20*s + 222. Is (0 + (-687)/s)*(-14 - -6) a composite number?
True
Let b(w) = -297*w - 41. Let t(m) = -1185*m - 162. Let n(l) = 11*b(l) - 3*t(l). Let c = -1 + 8. Is n(c) a composite number?
True
Suppose 4*n - 25 = -5*o, -9*o + 12*o - 52 = 5*n. Suppose -5*i + 4*a = -2915, -o*a + 5 = -8*a. Is i a composite number?
False
Suppose 5*y + 32470401 = 32*y + 96*y. Is y a prime number?
False
Let h(s) = 1537*s + 86. Let b be h(26). Suppose 21*c = -b + 323905. Is c a composite number?
True
Suppose -o - 544 = -3*c, 3*c - 3*o - 369 = 171. Is (-13)/(c/30737)*(-2 + 0) composite?
False
Suppose -5 = -t, 3746 + 10678 = 2*u - 2*t. Is u a prime number?
False
Let a(m) = m**2 + 20*m + 53. Let r be a(-3). Suppose r*l - 5*p - 17528 = 913, -3*p - 36917 = -4*l. Is l prime?
False
Is ((-41161)/3)/(-1 + 26/39) composite?
False
Let g(b) = 663*b - 75. Let d be g(-12). Let k = d - -12358. Is k a prime number?
True
Suppose -38*n - 215423 - 163851 = -52*n. Is n a prime number?
True
Let c(z) = z**2 - 21*z + 36. Let d be c(17). Let j be 40/d + 1/4. Let x(a) = -1655*a**3 + a + 1. Is x(j) composite?
True
Let r(m) = 34*m**2 - m - 25. Let o = -182 - -194. Is r(o) composite?
True
Suppose -2*q - 3*l + 1002652 = 0, -2*q + 520*l + 1002650 = 524*l. Is q a composite number?
True
Let h = -8328 - -12295. Is h a composite number?
False
Let c = 33591 - 18093. Suppose 3*b = 5*z + 43002, 72845 = 4*b - 3*z + c. Is b a composite number?
True
Suppose 13*n = n + 10968. Is n*((-35)/10 - -4) composite?
False
Suppose -43*b = -70 - 16. Let l be (218/((-4)/(-2)))/1. Suppose -1453 = -b*j + l. Is j prime?
False
Suppose 0 = 44*x - 37*x - 245441. Suppose 6*z - 13*z = -x. Is z prime?
True
Let c(b) = 12*b - 23. Let u be c(-14). Let g = u - -294. Is g a prime number?
True
Suppose -5*k + 3*d + 51359 = 0, 0*d - 5*d - 15 = 0. Let n = k + -5903. Is n a prime number?
False
Let i be 1 + (-7)/21 - (-2282)/(-3). Let a = i + 2123. Is a composite?
True
Let k = 538355 - 380958. Is k a composite number?
True
Suppose 9*g + 2 = 2. Suppose -5*p + 6575 = 2*f, p + g*p = f + 1315. Is p a prime number?
False
Let g(k) = -k**3 + 33*k**2 - 39*k - 2. Suppose 0 = j + 8*j - 207. Is g(j) composite?
False
Let i(d) be the second derivative of -d**5/20 + 7*d**4/4 - d**3 + 7*d**2/2 - 33*d. Is i(11) prime?
True
Let o(y) = -252*y. Let a be o(-22). Let s be (2/4)/((-11)/a). Let r = 431 + s. Is r a prime number?
True
Let p(z) = -z + 20. Let s be p(18). Suppose 5*j - 5*n = 387 + 3563, s*j = 4*n + 1578. Is j prime?
False
Let s(u) be the second derivative of -u**5/20 - u**4/2 - 11*u**3/6 - 37*u**2/2 + 54*u. Is s(-18) a composite number?
False
Suppose -16471*f = -16481*f + 29090. Is f prime?
True
Suppose 30301 = p + 6320. Let b = 43594 - p. Is b a composite number?
True
Suppose -185756 - 75800 + 9610 = -9*m. Is m composite?
True
Let v(t) = -404*t**3 - t**2 - 4*t + 6. Let y be v(-3). Suppose 30*k - y = 21*k. Is k a prime number?
True
Let u(c) = 32*c - 114. Let h be u(-21). Let x = h - -1885. Is x a prime number?
False
Let b(w) = w**2 + 10*w + 14. Let r be b(-7). Let k be 0/(-3 - r) - (-5 + 3). Suppose -g = -5*s + 4830, 5*s - 4850 = -k*g - g. Is s a composite number?
False
Suppose w = 3*p - 15392, -2*w - 10268 = -p - p. Is p prime?
False
Let d = 1034 + -937. Is d prime?
True
Let g(o) = -11*o - 21 - 20 - 10 - 33*o. Is g(-8) composite?
True
Suppose 27*p = 10*p - 213485 + 1926286. Is p a composite number?
True
Let p(m) = 10*m**3 - 2*m**2 + 13*m + 1. Let l be p(5). Let n be (0 + -1)*(6 + 0)/(-1). Suppose -n*o = -0*o - l. Is o a prime number?
True
Suppose 6*i = 20735 + 69073. Let j = i + -8427. Is j prime?
False
Let n = 576 - 573. Suppose 3*q + 4991 = 3*r + 7*q, n*r + 5*q - 4993 = 0. Is r a composite number?
True
Let m(b) = 8*b**3 - b**2 - 13*b + 53. Let y be m(8). Suppose -f - 2*c + y = 0, 3*c = -3*f + 10875 + 1062. Is f a composite number?
True
Let g be (-23 + 11)*(3 - 163/3). Let c(q) = q**3 + 14*q**2 + 14*q + 17. Let m be c(-13). Suppose m*b - g - 160 = 0. Is b a prime number?
False
Let q be (8/(-3 - 1))/(-1 + 2). Let d(i) be the first derivative of -69*i**4/4 + i**3/3 - i**2/2 + i + 8. Is d(q) composite?
True
Let p be -72*((-1539)/6 - 3). Suppose -5*k + 19511 = -p. Is k a composite number?
False
Suppose -4*t - 95*g = -100*g - 423606, -3*t = 5*g - 317687. Is t a composite number?
False
Let a be (-2)/13 + (-336)/(-156). Let s(c) = -2*c**3 + 12*c + 22 + 0*c**3 + 26*c**a + 3*c**3 + 2*c. Is s(-24) a composite number?
True
Let z = 38 + -36. Suppose z*l + 3*n = 1469, 2*n + 2605 = 4*l - 373. Let s = l - 519. Is s composite?
False
Suppose -9 = -3*v, 6*v - 2*v = -5*a - 98. Let s(p) = p + 22. Let w be s(a). Let h(l) = l**2 + l + 751. Is h(w) composite?
False
Suppose 14 - 18 = -i. Suppose -i*u = 4*c - 11988, c + 3*u - 1652 = 1349. Is c a prime number?
False
Suppose -5*z = -758 - 3452. Suppose 0 = 2*n - z - 4112. Is n composite?
False
Let r = 232087 - 103488. Is r a prime number?
True
Suppose 0 = -v + 5*v - 694821 - 95783. Is v a prime number?
True
Let q(z) = -11*z - 6. Let c be q(-4). Suppose c*b - 649 = 37*b. Is b composite?
True
Let h(s) = s**3 + 18*s**2 + 18*s + 17. Let a be h(-17). Suppose -11*n + 11712 - 1735 = a. Is n a composite number?
False
Is (57/6 - 9)*(-95086)/(-1) a composite number?
False
Suppose -4877*g + 4901*g - 15967608 = 0. Is g prime?
False
Let s(d) = 3*d**2 + 96*d + 60. Let c(k) = 3*k - 48. Let w be c(3). Is s(w) a composite number?
True
Let g(t) = -3*t**2 + 9*t - 6. Let r be g(2). Suppose r = 5*d - 1417 - 18. Is d a composite number?
True
Let d(q) = -5*q**3 - 12*q**2 - 27*q - 47. Is d(-14) a prime number?
True
Let t(q) = q**3 + 12*q**2 - 14*q - 22. Let g be t(-11). Suppose -5*f = -3*r + 469 - 1799, -2*r = f - g. Let l = 0 + f. Is l composite?
False
Let c = -10926 + 31930. Let h be ((-2)/(-2) - 0)*(0 - -2). Suppose -x - h = 0, -3*s + s = -3*x - c. Is s composite?
False
Suppose -21 = -4*c + 3*n, 0 = -c + 3*c - 5*n - 21. Suppose 4*y + 3*u - 13630 = u, -3410 = -y - c*u. Is y a prime number?
True
Is 8/16*71652/6 a prime number?
False
Let g(s) = s**2 - 9*s - 10. Let j be g(10). Suppose j = 5*w + 64 - 1919. Is w prime?
False
Suppose 13*c - 33*c = -1205263 + 140643. Is c prime?
True
Let r = 368 - 390. Let g(n) = n**3 + 59*n**2 - 29*n + 37. Is g(r) a composite number?
False
Let j = -30476 - -99379. Is j a prime number?
True
Let n(b) = b**3 + b. Let u be n(0). Suppose -2*y + 4*z = -0*z - 306, -4*y - 5*z + 638 = u. Is y a prime number?
True
Let z(u) = 2*u**3 + 31*u**2 + 14*u - 22. Let y be 84/(-12) - (7 - 1). Is z(y) a prime number?
True
Let m(v) = -32*v + 18*v + 3 + 4 - 6 + 7*v**2. Is m(-10) prime?
False
Let t be (192/5 - 0)/((-30)/(-150)). Suppose